{"id":347,"date":"2023-07-04T15:50:39","date_gmt":"2023-07-04T15:50:39","guid":{"rendered":"https:\/\/exclur.com\/index.php\/product\/lenor-wascheparfum-wascheduft-lenor-aprilfrisch-mit-duft-von-fruhlingsblumen-15-waschladungen-210-g\/"},"modified":"2023-09-15T15:38:02","modified_gmt":"2023-09-15T15:38:02","slug":"lenor-wascheparfum-wascheduft-lenor-aprilfrisch-mit-duft-von-fruhlingsblumen-15-waschladungen-210-g","status":"publish","type":"product","link":"https:\/\/exclur.com\/index.php\/product\/lenor-wascheparfum-wascheduft-lenor-aprilfrisch-mit-duft-von-fruhlingsblumen-15-waschladungen-210-g\/","title":{"rendered":"Lenor W\u00e4scheparf\u00fcm, W\u00e4scheduft, Lenor Aprilfrisch mit Duft von Fr\u00fchlingsblumen, 15 Waschladungen (210 g)"},"content":{"rendered":"","protected":false},"excerpt":{"rendered":"","protected":false},"featured_media":348,"comment_status":"closed","ping_status":"closed","template":"","meta":[],"product_cat":[],"product_tag":[],"_links":{"self":[{"href":"https:\/\/exclur.com\/index.php\/wp-json\/wp\/v2\/product\/347"}],"collection":[{"href":"https:\/\/exclur.com\/index.php\/wp-json\/wp\/v2\/product"}],"about":[{"href":"https:\/\/exclur.com\/index.php\/wp-json\/wp\/v2\/types\/product"}],"replies":[{"embeddable":true,"href":"https:\/\/exclur.com\/index.php\/wp-json\/wp\/v2\/comments?post=347"}],"wp:featuredmedia":[{"embeddable":true,"href":"https:\/\/exclur.com\/index.php\/wp-json\/wp\/v2\/media\/348"}],"wp:attachment":[{"href":"https:\/\/exclur.com\/index.php\/wp-json\/wp\/v2\/media?parent=347"}],"wp:term":[{"taxonomy":"product_cat","embeddable":true,"href":"https:\/\/exclur.com\/index.php\/wp-json\/wp\/v2\/product_cat?post=347"},{"taxonomy":"product_tag","embeddable":true,"href":"https:\/\/exclur.com\/index.php\/wp-json\/wp\/v2\/product_tag?post=347"}],"curies":[{"name":"wp","href":"https:\/\/api.w.org\/{rel}","templated":true}]}}